{"id":4326,"date":"2025-12-15T07:08:14","date_gmt":"2025-12-15T07:08:14","guid":{"rendered":"https:\/\/www.api.de\/Microsoft\/?page_id=4326"},"modified":"2026-01-05T07:33:22","modified_gmt":"2026-01-05T07:33:22","slug":"startseite1","status":"publish","type":"page","link":"https:\/\/www.api.de\/Microsoft\/startseite1\/","title":{"rendered":"Startseite1"},"content":{"rendered":"<h1>api empfiehlt Microsoft\u00ae <\/h1>\n<p>Profitieren Sie von der grenzenlosen Vielfalt!<\/p>\n<p>\t\t\t\t\t\t\t\t\t\t\t\t\t\t\t\t<a href=\"https:\/\/www.api.de\/Microsoft\/server\/\"><br \/>\n\t\t\t\t\t\t\t<img fetchpriority=\"high\" decoding=\"async\" width=\"1024\" height=\"147\" src=\"https:\/\/www.api.de\/Microsoft\/wp-content\/uploads\/2025\/09\/windows-server-logo-png-transparent-1024x147.png\" alt=\"\" srcset=\"https:\/\/www.api.de\/Microsoft\/wp-content\/uploads\/2025\/09\/windows-server-logo-png-transparent-1024x147.png 1024w, https:\/\/www.api.de\/Microsoft\/wp-content\/uploads\/2025\/09\/windows-server-logo-png-transparent-300x43.png 300w, https:\/\/www.api.de\/Microsoft\/wp-content\/uploads\/2025\/09\/windows-server-logo-png-transparent-768x110.png 768w, https:\/\/www.api.de\/Microsoft\/wp-content\/uploads\/2025\/09\/windows-server-logo-png-transparent-1536x221.png 1536w, https:\/\/www.api.de\/Microsoft\/wp-content\/uploads\/2025\/09\/windows-server-logo-png-transparent-2048x294.png 2048w\" sizes=\"(max-width: 1024px) 100vw, 1024px\" \/>\t\t\t\t\t\t\t\t<\/a><br \/>\n\t\t\t\t\t\t\t\t\t\t\t\t\t\t\t\t<a href=\"https:\/\/www.api.de\/Microsoft\/windows-11-neuneu\/\"><br \/>\n\t\t\t\t\t\t\t<img decoding=\"async\" width=\"1024\" height=\"147\" src=\"https:\/\/www.api.de\/Microsoft\/wp-content\/uploads\/2025\/09\/Windows_11_Pro_logo-1-1024x147.png\" alt=\"\" srcset=\"https:\/\/www.api.de\/Microsoft\/wp-content\/uploads\/2025\/09\/Windows_11_Pro_logo-1-1024x147.png 1024w, https:\/\/www.api.de\/Microsoft\/wp-content\/uploads\/2025\/09\/Windows_11_Pro_logo-1-300x43.png 300w, https:\/\/www.api.de\/Microsoft\/wp-content\/uploads\/2025\/09\/Windows_11_Pro_logo-1-768x110.png 768w, https:\/\/www.api.de\/Microsoft\/wp-content\/uploads\/2025\/09\/Windows_11_Pro_logo-1-1536x220.png 1536w, https:\/\/www.api.de\/Microsoft\/wp-content\/uploads\/2025\/09\/Windows_11_Pro_logo-1-2048x294.png 2048w\" sizes=\"(max-width: 1024px) 100vw, 1024px\" \/>\t\t\t\t\t\t\t\t<\/a><br \/>\n\t\t\t\t\t\t\t\t\t\t\t\t\t\t\t\t<a href=\"https:\/\/www.api.de\/Microsoft\/copilot\/\"><br \/>\n\t\t\t\t\t\t\t<img decoding=\"async\" width=\"1024\" height=\"250\" src=\"https:\/\/www.api.de\/Microsoft\/wp-content\/uploads\/2025\/09\/copilot-logo-2-1024x250.png\" alt=\"Microsoft Copilot\" srcset=\"https:\/\/www.api.de\/Microsoft\/wp-content\/uploads\/2025\/09\/copilot-logo-2-1024x250.png 1024w, https:\/\/www.api.de\/Microsoft\/wp-content\/uploads\/2025\/09\/copilot-logo-2-300x73.png 300w, https:\/\/www.api.de\/Microsoft\/wp-content\/uploads\/2025\/09\/copilot-logo-2-768x188.png 768w, https:\/\/www.api.de\/Microsoft\/wp-content\/uploads\/2025\/09\/copilot-logo-2-1536x375.png 1536w, https:\/\/www.api.de\/Microsoft\/wp-content\/uploads\/2025\/09\/copilot-logo-2-2048x501.png 2048w\" sizes=\"(max-width: 1024px) 100vw, 1024px\" \/>\t\t\t\t\t\t\t\t<\/a><br \/>\n\t\t\t\t\t\t\t\t\t\t\t\t\t\t\t\t<a href=\"https:\/\/www.api.de\/Microsoft\/microsoft-365-3\/\"><br \/>\n\t\t\t\t\t\t\t<img loading=\"lazy\" decoding=\"async\" width=\"596\" height=\"102\" src=\"https:\/\/www.api.de\/Microsoft\/wp-content\/uploads\/2025\/09\/Microsoft365_logo_horiz_c-gray_rgb-768x282-1-e1758010548931.png\" alt=\"\" srcset=\"https:\/\/www.api.de\/Microsoft\/wp-content\/uploads\/2025\/09\/Microsoft365_logo_horiz_c-gray_rgb-768x282-1-e1758010548931.png 596w, https:\/\/www.api.de\/Microsoft\/wp-content\/uploads\/2025\/09\/Microsoft365_logo_horiz_c-gray_rgb-768x282-1-e1758010548931-300x51.png 300w\" sizes=\"(max-width: 596px) 100vw, 596px\" \/>\t\t\t\t\t\t\t\t<\/a><br \/>\n\t\t\t\t\t\t\t\t\t\t\t\t\t\t\t\t\t\t<a href=\"https:\/\/www.api.de\/Microsoft\/server\/\"><br \/>\n\t\t\t\t\t\t\t<img fetchpriority=\"high\" decoding=\"async\" width=\"1024\" height=\"147\" src=\"https:\/\/www.api.de\/Microsoft\/wp-content\/uploads\/2025\/09\/windows-server-logo-png-transparent-1024x147.png\" alt=\"\" srcset=\"https:\/\/www.api.de\/Microsoft\/wp-content\/uploads\/2025\/09\/windows-server-logo-png-transparent-1024x147.png 1024w, https:\/\/www.api.de\/Microsoft\/wp-content\/uploads\/2025\/09\/windows-server-logo-png-transparent-300x43.png 300w, https:\/\/www.api.de\/Microsoft\/wp-content\/uploads\/2025\/09\/windows-server-logo-png-transparent-768x110.png 768w, https:\/\/www.api.de\/Microsoft\/wp-content\/uploads\/2025\/09\/windows-server-logo-png-transparent-1536x221.png 1536w, https:\/\/www.api.de\/Microsoft\/wp-content\/uploads\/2025\/09\/windows-server-logo-png-transparent-2048x294.png 2048w\" sizes=\"(max-width: 1024px) 100vw, 1024px\" \/>\t\t\t\t\t\t\t\t<\/a><br \/>\n\t\t\t\t\t\t\t\t\t\t\t\t\t\t\t\t\t\t\t\t\t\t\t\t\t\t\t<a href=\"https:\/\/www.api.de\/Microsoft\/windows-11-neuneu\/\"><br \/>\n\t\t\t\t\t\t\t<img decoding=\"async\" width=\"1024\" height=\"147\" src=\"https:\/\/www.api.de\/Microsoft\/wp-content\/uploads\/2025\/09\/Windows_11_Pro_logo-1-1024x147.png\" alt=\"\" srcset=\"https:\/\/www.api.de\/Microsoft\/wp-content\/uploads\/2025\/09\/Windows_11_Pro_logo-1-1024x147.png 1024w, https:\/\/www.api.de\/Microsoft\/wp-content\/uploads\/2025\/09\/Windows_11_Pro_logo-1-300x43.png 300w, https:\/\/www.api.de\/Microsoft\/wp-content\/uploads\/2025\/09\/Windows_11_Pro_logo-1-768x110.png 768w, https:\/\/www.api.de\/Microsoft\/wp-content\/uploads\/2025\/09\/Windows_11_Pro_logo-1-1536x220.png 1536w, https:\/\/www.api.de\/Microsoft\/wp-content\/uploads\/2025\/09\/Windows_11_Pro_logo-1-2048x294.png 2048w\" sizes=\"(max-width: 1024px) 100vw, 1024px\" \/>\t\t\t\t\t\t\t\t<\/a><br \/>\n\t\t\t\t\t\t\t\t\t\t\t\t\t\t\t\t\t\t\t\t\t\t\t\t\t\t\t<a href=\"https:\/\/www.api.de\/Microsoft\/copilot\/\"><br \/>\n\t\t\t\t\t\t\t<img decoding=\"async\" width=\"1024\" height=\"250\" src=\"https:\/\/www.api.de\/Microsoft\/wp-content\/uploads\/2025\/09\/copilot-logo-2-1024x250.png\" alt=\"Microsoft Copilot\" srcset=\"https:\/\/www.api.de\/Microsoft\/wp-content\/uploads\/2025\/09\/copilot-logo-2-1024x250.png 1024w, https:\/\/www.api.de\/Microsoft\/wp-content\/uploads\/2025\/09\/copilot-logo-2-300x73.png 300w, https:\/\/www.api.de\/Microsoft\/wp-content\/uploads\/2025\/09\/copilot-logo-2-768x188.png 768w, https:\/\/www.api.de\/Microsoft\/wp-content\/uploads\/2025\/09\/copilot-logo-2-1536x375.png 1536w, https:\/\/www.api.de\/Microsoft\/wp-content\/uploads\/2025\/09\/copilot-logo-2-2048x501.png 2048w\" sizes=\"(max-width: 1024px) 100vw, 1024px\" \/>\t\t\t\t\t\t\t\t<\/a><br \/>\n\t\t\t\t\t\t\t\t\t\t\t\t\t\t\t\t\t\t\t\t\t\t\t\t\t\t\t<a href=\"https:\/\/www.api.de\/Microsoft\/microsoft-365-3\/\"><br \/>\n\t\t\t\t\t\t\t<img loading=\"lazy\" decoding=\"async\" width=\"596\" height=\"102\" src=\"https:\/\/www.api.de\/Microsoft\/wp-content\/uploads\/2025\/09\/Microsoft365_logo_horiz_c-gray_rgb-768x282-1-e1758010548931.png\" alt=\"\" srcset=\"https:\/\/www.api.de\/Microsoft\/wp-content\/uploads\/2025\/09\/Microsoft365_logo_horiz_c-gray_rgb-768x282-1-e1758010548931.png 596w, https:\/\/www.api.de\/Microsoft\/wp-content\/uploads\/2025\/09\/Microsoft365_logo_horiz_c-gray_rgb-768x282-1-e1758010548931-300x51.png 300w\" sizes=\"(max-width: 596px) 100vw, 596px\" \/>\t\t\t\t\t\t\t\t<\/a><br \/>\n\t\t\t\t\t\t\t\t\t\t\t\t\t\t\t\t\t<img loading=\"lazy\" decoding=\"async\" width=\"1\" height=\"1\" src=\"https:\/\/www.api.de\/Microsoft\/wp-content\/uploads\/2025\/09\/copilot-pc-EN-US.svg\" alt=\"\" \/>\t\t\t\t\t\t\t\t\t\t\t\t\thttps:\/\/www.api.de\/Microsoft\/wp-content\/uploads\/2025\/09\/SFB_Gallery-Motion_Laptop-13-in_rotation_07012025-1.mp4\t\t\t\t\t<\/p>\n<h2>Microsoft Copilot ist ein KI-gest\u00fctzter Assistent, der tief in die Microsoft-365-Umgebung integriert ist und Anwender bei der Erstellung, Analyse und Organisation von Inhalten unterst\u00fctzt.<\/h2>\n<p>Durch intelligente Automatisierung und kontextbezogene Vorschl\u00e4ge optimiert Copilot Arbeitsprozesse, steigert die Effizienz und erm\u00f6glicht einen produktiveren Einsatz von Daten und Informationen.<\/p>\n<p>\t\t\t\t\t\t\t\t<a href=\"https:\/\/api.de\/Microsoft\/copilot\/\" target=\"_blank\" rel=\"noopener\"><br \/>\n\t\t\t\t\t\t\t\t\tMit Copilot loslegen<br \/>\n\t\t\t\t\t<\/a><br \/>\n\t\t\t\t\t\t\t\t\t\t\t\t\t\t\t\t\t<img loading=\"lazy\" decoding=\"async\" width=\"618\" height=\"280\" src=\"https:\/\/www.api.de\/Microsoft\/wp-content\/uploads\/2025\/09\/Microsoft365_logo_horiz_c-gray_rgb-768x282-1-1-e1757051981956.png\" alt=\"\" srcset=\"https:\/\/www.api.de\/Microsoft\/wp-content\/uploads\/2025\/09\/Microsoft365_logo_horiz_c-gray_rgb-768x282-1-1-e1757051981956.png 618w, https:\/\/www.api.de\/Microsoft\/wp-content\/uploads\/2025\/09\/Microsoft365_logo_horiz_c-gray_rgb-768x282-1-1-e1757051981956-300x136.png 300w\" sizes=\"(max-width: 618px) 100vw, 618px\" \/>\t\t\t\t\t\t\t\t\t\t\t\t\t\t\t\t\t\t<\/p>\n<h2>\nDie moderne L\u00f6sung f\u00fcr Produktivit\u00e4t und Zusammenarbeit<br \/>\n<\/h2>\n<p><strong data-start=\"134\" data-end=\"319\">Microsoft 365 ist eine Komplettl\u00f6sung aus vertrauten Office-Apps, intelligenten Cloud-Diensten und erstklassiger Sicherheit \u2013 entwickelt, um Ihnen zu erm\u00f6glichen, mehr zu erreichen.<\/strong><br data-start=\"319\" data-end=\"322\" \/>Diese cloudbasierte Produktivit\u00e4tsplattform vereint leistungsstarke Anwendungen wie Word, Excel, PowerPoint, Outlook, Teams und OneDrive mit intelligenten Services und umfassendem Schutz \u2013 f\u00fcr effizientes Arbeiten zu Hause, im Team und unterwegs.<\/p>\n<p>\t\t\t\t\t\t\t\t<a href=\"https:\/\/api.de\/Microsoft\/microsoft-365-3\/\" target=\"_blank\" rel=\"noopener\"><br \/>\n\t\t\t\t\t\t\t\t\tErlebe die M365 Vielfalt<br \/>\n\t\t\t\t\t<\/a><br \/>\n\t\t\t\t\t\t\t\t\t\t\t\t\t\t\t\t\t<img fetchpriority=\"high\" decoding=\"async\" width=\"1024\" height=\"147\" src=\"https:\/\/www.api.de\/Microsoft\/wp-content\/uploads\/2025\/09\/windows-server-logo-png-transparent-1024x147.png\" alt=\"\" srcset=\"https:\/\/www.api.de\/Microsoft\/wp-content\/uploads\/2025\/09\/windows-server-logo-png-transparent-1024x147.png 1024w, https:\/\/www.api.de\/Microsoft\/wp-content\/uploads\/2025\/09\/windows-server-logo-png-transparent-300x43.png 300w, https:\/\/www.api.de\/Microsoft\/wp-content\/uploads\/2025\/09\/windows-server-logo-png-transparent-768x110.png 768w, https:\/\/www.api.de\/Microsoft\/wp-content\/uploads\/2025\/09\/windows-server-logo-png-transparent-1536x221.png 1536w, https:\/\/www.api.de\/Microsoft\/wp-content\/uploads\/2025\/09\/windows-server-logo-png-transparent-2048x294.png 2048w\" sizes=\"(max-width: 1024px) 100vw, 1024px\" \/><br \/>\n\t\t\t\t\t\t\t\t\t\t\t\t\t\t\t\t\t<img loading=\"lazy\" decoding=\"async\" width=\"358\" height=\"243\" src=\"https:\/\/www.api.de\/Microsoft\/wp-content\/uploads\/2025\/09\/MicrosoftCloud.png\" alt=\"\" srcset=\"https:\/\/www.api.de\/Microsoft\/wp-content\/uploads\/2025\/09\/MicrosoftCloud.png 358w, https:\/\/www.api.de\/Microsoft\/wp-content\/uploads\/2025\/09\/MicrosoftCloud-300x204.png 300w\" sizes=\"(max-width: 358px) 100vw, 358px\" \/>\t\t\t\t\t\t\t\t\t\t\t\t\t\t\t\t<\/p>\n<h2>Zukunftssichere Plattform f\u00fcr hybride und cloudbasierte Workloads<\/h2>\n<p><strong data-start=\"132\" data-end=\"150\">Windows Server<\/strong> ist Microsofts robuste Plattform f\u00fcr Unternehmensinfrastrukturen, die sichere, skalierbare und leistungsstarke On-Premises-, Hybrid- und Multicloud-Umgebungen erm\u00f6glicht. Mit hochmoderner, mehrschichtiger Sicherheit, nahtloser Integration in Azure \u00fcber Azure Arc und Optimierungen f\u00fcr KI-Workloads (wie GPU-Partitionierung und Ultra-skalierbarkeit) bietet Windows Server eine zukunftsorientierte Basis f\u00fcr produktive und gesch\u00fctzte IT-Umgebungen<\/p>\n<p>\t\t\t\t\t\t\t\t<a href=\"https:\/\/api.de\/Microsoft\/server\/\" target=\"_blank\" rel=\"noopener\"><br \/>\n\t\t\t\t\t\t\t\t\tJetzt Microsoft Server entdecken<br \/>\n\t\t\t\t\t<\/a><br \/>\n\t\t\t\t\t\t\t\t\t\t\t\t\t\t\t\t\t<img decoding=\"async\" width=\"1024\" height=\"147\" src=\"https:\/\/www.api.de\/Microsoft\/wp-content\/uploads\/2025\/09\/Windows_11_Pro_logo-1-1024x147.png\" alt=\"\" srcset=\"https:\/\/www.api.de\/Microsoft\/wp-content\/uploads\/2025\/09\/Windows_11_Pro_logo-1-1024x147.png 1024w, https:\/\/www.api.de\/Microsoft\/wp-content\/uploads\/2025\/09\/Windows_11_Pro_logo-1-300x43.png 300w, https:\/\/www.api.de\/Microsoft\/wp-content\/uploads\/2025\/09\/Windows_11_Pro_logo-1-768x110.png 768w, https:\/\/www.api.de\/Microsoft\/wp-content\/uploads\/2025\/09\/Windows_11_Pro_logo-1-1536x220.png 1536w, https:\/\/www.api.de\/Microsoft\/wp-content\/uploads\/2025\/09\/Windows_11_Pro_logo-1-2048x294.png 2048w\" sizes=\"(max-width: 1024px) 100vw, 1024px\" \/>\t\t\t\t\t\t\t\t\t\t\t\t\t\t\t\t\t\t<\/p>\n<p><strong data-start=\"71\" data-end=\"89\">Windows 11 Pro<\/strong> ist die professionelle Version von Microsofts aktuellem Betriebssystem und bietet erweiterte Funktionen f\u00fcr Unternehmen und anspruchsvolle Nutzer. Es kombiniert ein modernes, benutzerfreundliches Design mit leistungsstarken Sicherheits-, Verwaltungs- und Netzwerktools, die Produktivit\u00e4t und Zusammenarbeit erleichtern. Mit Features wie BitLocker, Gruppenrichtlinien und Virtualisierung unterst\u00fctzt Windows 11 Pro effizientes Arbeiten in professionellen Umgebungen.<\/p>\n<p>\t\t\t\t\t\t\t\t<a href=\"http:\/\/api.de\/Microsoft\/windows-11-neuneu\/\" target=\"_blank\" rel=\"noopener\"><br \/>\n\t\t\t\t\t\t\t\t\tZu Windows 11 wechseln<br \/>\n\t\t\t\t\t<\/a><br \/>\n\t\t\t\t\t\t\t\t\t\t\t\t\t\t\t\t\t\t\t\t<a href=\"https:\/\/shop.api.de\/search\/find\/Windows%2011%20Pro\" target=\"_blank\" rel=\"noopener\"><br \/>\n\t\t\t\t\t\t\t<img loading=\"lazy\" decoding=\"async\" width=\"2108\" height=\"2560\" src=\"https:\/\/www.api.de\/Microsoft\/wp-content\/uploads\/2025\/10\/Landingpage-banner251014-2-1.png\" alt=\"\" srcset=\"https:\/\/www.api.de\/Microsoft\/wp-content\/uploads\/2025\/10\/Landingpage-banner251014-2-1.png 2108w, https:\/\/www.api.de\/Microsoft\/wp-content\/uploads\/2025\/10\/Landingpage-banner251014-2-1-247x300.png 247w, https:\/\/www.api.de\/Microsoft\/wp-content\/uploads\/2025\/10\/Landingpage-banner251014-2-1-843x1024.png 843w, https:\/\/www.api.de\/Microsoft\/wp-content\/uploads\/2025\/10\/Landingpage-banner251014-2-1-768x933.png 768w, https:\/\/www.api.de\/Microsoft\/wp-content\/uploads\/2025\/10\/Landingpage-banner251014-2-1-1265x1536.png 1265w, https:\/\/www.api.de\/Microsoft\/wp-content\/uploads\/2025\/10\/Landingpage-banner251014-2-1-1686x2048.png 1686w\" sizes=\"(max-width: 2108px) 100vw, 2108px\" \/>\t\t\t\t\t\t\t\t<\/a><\/p>\n<h2>Unten angekommen?<\/h2>\n<p>            <a href=\"#\" data-text=\"Let&#039;s Go!\"><br \/>\n                    Bring mich hoch<br \/>\n\t                        <\/a><\/p>\n","protected":false},"excerpt":{"rendered":"<p>api empfiehlt Microsoft\u00ae Profitieren Sie von der grenzenlosen Vielfalt! https:\/\/www.api.de\/Microsoft\/wp-content\/uploads\/2025\/09\/SFB_Gallery-Motion_Laptop-13-in_rotation_07012025-1.mp4 Microsoft Copilot ist ein KI-gest\u00fctzter Assistent, der tief in die [&hellip;]<\/p>\n","protected":false},"author":6,"featured_media":0,"parent":0,"menu_order":0,"comment_status":"closed","ping_status":"closed","template":"","meta":{"site-sidebar-layout":"no-sidebar","site-content-layout":"","ast-site-content-layout":"full-width-container","site-content-style":"default","site-sidebar-style":"default","ast-global-header-display":"disabled","ast-banner-title-visibility":"","ast-main-header-display":"","ast-hfb-above-header-display":"","ast-hfb-below-header-display":"","ast-hfb-mobile-header-display":"","site-post-title":"disabled","ast-breadcrumbs-content":"","ast-featured-img":"disabled","footer-sml-layout":"","ast-disable-related-posts":"","theme-transparent-header-meta":"enabled","adv-header-id-meta":"","stick-header-meta":"","header-above-stick-meta":"","header-main-stick-meta":"","header-below-stick-meta":"","astra-migrate-meta-layouts":"default","ast-page-background-enabled":"default","ast-page-background-meta":{"desktop":{"background-color":"var(--ast-global-color-5)","background-image":"","background-repeat":"repeat","background-position":"center center","background-size":"auto","background-attachment":"scroll","background-type":"","background-media":"","overlay-type":"","overlay-color":"","overlay-opacity":"","overlay-gradient":""},"tablet":{"background-color":"","background-image":"","background-repeat":"repeat","background-position":"center center","background-size":"auto","background-attachment":"scroll","background-type":"","background-media":"","overlay-type":"","overlay-color":"","overlay-opacity":"","overlay-gradient":""},"mobile":{"background-color":"","background-image":"","background-repeat":"repeat","background-position":"center center","background-size":"auto","background-attachment":"scroll","background-type":"","background-media":"","overlay-type":"","overlay-color":"","overlay-opacity":"","overlay-gradient":""}},"ast-content-background-meta":{"desktop":{"background-color":"var(--ast-global-color-4)","background-image":"","background-repeat":"repeat","background-position":"center center","background-size":"auto","background-attachment":"scroll","background-type":"","background-media":"","overlay-type":"","overlay-color":"","overlay-opacity":"","overlay-gradient":""},"tablet":{"background-color":"var(--ast-global-color-4)","background-image":"","background-repeat":"repeat","background-position":"center center","background-size":"auto","background-attachment":"scroll","background-type":"","background-media":"","overlay-type":"","overlay-color":"","overlay-opacity":"","overlay-gradient":""},"mobile":{"background-color":"var(--ast-global-color-4)","background-image":"","background-repeat":"repeat","background-position":"center center","background-size":"auto","background-attachment":"scroll","background-type":"","background-media":"","overlay-type":"","overlay-color":"","overlay-opacity":"","overlay-gradient":""}},"footnotes":""},"class_list":["post-4326","page","type-page","status-publish","hentry"],"_links":{"self":[{"href":"https:\/\/www.api.de\/Microsoft\/wp-json\/wp\/v2\/pages\/4326","targetHints":{"allow":["GET"]}}],"collection":[{"href":"https:\/\/www.api.de\/Microsoft\/wp-json\/wp\/v2\/pages"}],"about":[{"href":"https:\/\/www.api.de\/Microsoft\/wp-json\/wp\/v2\/types\/page"}],"author":[{"embeddable":true,"href":"https:\/\/www.api.de\/Microsoft\/wp-json\/wp\/v2\/users\/6"}],"replies":[{"embeddable":true,"href":"https:\/\/www.api.de\/Microsoft\/wp-json\/wp\/v2\/comments?post=4326"}],"version-history":[{"count":0,"href":"https:\/\/www.api.de\/Microsoft\/wp-json\/wp\/v2\/pages\/4326\/revisions"}],"wp:attachment":[{"href":"https:\/\/www.api.de\/Microsoft\/wp-json\/wp\/v2\/media?parent=4326"}],"curies":[{"name":"wp","href":"https:\/\/api.w.org\/{rel}","templated":true}]}}